{"id":116,"date":"2014-08-23T17:42:41","date_gmt":"2014-08-23T17:42:41","guid":{"rendered":"http:\/\/elbgraphik.de\/wordpress\/?page_id=116"},"modified":"2017-08-15T20:56:01","modified_gmt":"2017-08-15T20:56:01","slug":"leben","status":"publish","type":"page","link":"https:\/\/elbgraphik.de\/wordpress\/leben\/","title":{"rendered":"Leben&#8230;"},"content":{"rendered":"<p style=\"text-align: right;\">\u00a0<span style=\"color: #000080;\"> Was ist das?<\/span><br \/>\n<span style=\"color: #000080;\"> Eine Ansammlung von <\/span><br \/>\n<span style=\"color: #000080;\">Konsumg\u00fctern, <\/span><br \/>\n<span style=\"color: #000080;\">Erfahrungen <\/span><br \/>\n<span style=\"color: #000080;\">und <\/span><br \/>\n<span style=\"color: #000080;\">Umwelts\u00fcnden? <\/span><br \/>\n<span style=\"color: #000080;\"> Oder vielleicht<br \/>\n<\/span><span style=\"color: #000080;\">ein bewu\u00dftes und m\u00f6glichst selbstbestimmtest Leben, <\/span><br \/>\n<span style=\"color: #000080;\">in dem Sinn und Verstand den Vorrang haben <\/span><br \/>\n<span style=\"color: #000080;\">vor dem Gesellschaftszwang <\/span><br \/>\n<span style=\"color: #000080;\">immer weiter, <\/span><br \/>\n<span style=\"color: #000080;\">h\u00f6her, <\/span><br \/>\n<span style=\"color: #000080;\">besser, <\/span><br \/>\n<span style=\"color: #000080;\">schneller, <\/span><br \/>\n<span style=\"color: #000080;\">mehr zu machen, <\/span><br \/>\n<span style=\"color: #000080;\">egal, <\/span><br \/>\n<span style=\"color: #000080;\">wie sehr es der Natur schadet, <\/span><br \/>\n<span style=\"color: #000080;\">Hauptsache, <\/span><br \/>\n<span style=\"color: #000080;\">der Wert des Geldes stimmt?<\/span><br \/>\n<span style=\"color: #000080;\"> Gute Frage, <\/span><br \/>\n<span style=\"color: #000080;\">oder?<br \/>\n<\/span><\/p>\n<p><img loading=\"lazy\" decoding=\"async\" class=\"aligncenter\" src=\"http:\/\/homepage.t-online.de\/extras\/public\/blog.cls?account_id=ATOIX0INE35A&amp;instance_id=25547&amp;action=getImage&amp;img_id=48dffb2c1a7e09bee008eae66a0a03d1\" width=\"300\" height=\"226\" border=\"0\" \/><\/p>\n<p style=\"text-align: right;\"><span style=\"color: #000080;\">\u00a0<\/span><\/p>\n","protected":false},"excerpt":{"rendered":"<p>\u00a0 Was ist das? Eine Ansammlung von Konsumg\u00fctern, Erfahrungen und Umwelts\u00fcnden? Oder vielleicht ein bewu\u00dftes und m\u00f6glichst selbstbestimmtest Leben, in dem Sinn und Verstand den Vorrang haben vor dem Gesellschaftszwang immer weiter, h\u00f6her, besser, schneller, mehr zu machen, egal, wie sehr es der Natur schadet, Hauptsache, der Wert des Geldes stimmt? Gute Frage, oder? \u00a0<\/p>\n","protected":false},"author":1,"featured_media":281,"parent":0,"menu_order":0,"comment_status":"closed","ping_status":"closed","template":"","meta":{"footnotes":""},"_links":{"self":[{"href":"https:\/\/elbgraphik.de\/wordpress\/wp-json\/wp\/v2\/pages\/116"}],"collection":[{"href":"https:\/\/elbgraphik.de\/wordpress\/wp-json\/wp\/v2\/pages"}],"about":[{"href":"https:\/\/elbgraphik.de\/wordpress\/wp-json\/wp\/v2\/types\/page"}],"author":[{"embeddable":true,"href":"https:\/\/elbgraphik.de\/wordpress\/wp-json\/wp\/v2\/users\/1"}],"replies":[{"embeddable":true,"href":"https:\/\/elbgraphik.de\/wordpress\/wp-json\/wp\/v2\/comments?post=116"}],"version-history":[{"count":5,"href":"https:\/\/elbgraphik.de\/wordpress\/wp-json\/wp\/v2\/pages\/116\/revisions"}],"predecessor-version":[{"id":609,"href":"https:\/\/elbgraphik.de\/wordpress\/wp-json\/wp\/v2\/pages\/116\/revisions\/609"}],"wp:featuredmedia":[{"embeddable":true,"href":"https:\/\/elbgraphik.de\/wordpress\/wp-json\/wp\/v2\/media\/281"}],"wp:attachment":[{"href":"https:\/\/elbgraphik.de\/wordpress\/wp-json\/wp\/v2\/media?parent=116"}],"curies":[{"name":"wp","href":"https:\/\/api.w.org\/{rel}","templated":true}]}}