{"id":602,"date":"2017-08-15T20:50:44","date_gmt":"2017-08-15T20:50:44","guid":{"rendered":"http:\/\/elbgraphik.de\/?page_id=602"},"modified":"2017-08-15T20:50:44","modified_gmt":"2017-08-15T20:50:44","slug":"verantwortung-2","status":"publish","type":"page","link":"https:\/\/elbgraphik.de\/wordpress\/verantwortung-2\/","title":{"rendered":"Verantwortung"},"content":{"rendered":"<p>&nbsp;<\/p>\n<p><img loading=\"lazy\" decoding=\"async\" src=\"http:\/\/homepage.t-online.de\/extras\/public\/blog.cls?account_id=ATOIX0INE35A&amp;instance_id=25547&amp;action=getImage&amp;img_id=a3f7dfd7ec0cf8e772b98b512622a22f\" width=\"300\" height=\"179\" border=\"0\" \/><\/p>\n<p>Ein Fremdwort?<br \/>\nIst es ein Pflichtbewu\u00dftsein, hat es mit Rechenschaft \u00fcber das Getane zu tun oder mit Zuverl\u00e4ssigkeit?<br \/>\nGehen wir demnach verantwortungsvoll mit unserer Erde um?<br \/>\nZeugt unser Handeln von einem Pflichtbewu\u00dftsein gegen\u00fcber der Erde?<br \/>\nWohl eher nicht, oder?<br \/>\nIst es nicht eher ein Raubbau, den wir betreiben, weil wir als einzelner keine Verantwortung \u00fcber den Erhalt der Erde \u00fcbernehmen wollen und weil es auch leichter ist, gedankenlos zu konsumieren anstatt Werte zu setzen, Verantwortung zu zeigen und zu \u00fcbernehmen?<\/p>\n","protected":false},"excerpt":{"rendered":"<p>&nbsp; Ein Fremdwort? Ist es ein Pflichtbewu\u00dftsein, hat es mit Rechenschaft \u00fcber das Getane zu tun oder mit Zuverl\u00e4ssigkeit? Gehen wir demnach verantwortungsvoll mit unserer Erde um? Zeugt unser Handeln von einem Pflichtbewu\u00dftsein gegen\u00fcber der Erde? Wohl eher nicht, oder? Ist es nicht eher ein Raubbau, den wir betreiben, weil wir als einzelner keine Verantwortung &hellip; <\/p>\n<p class=\"link-more\"><a href=\"https:\/\/elbgraphik.de\/wordpress\/verantwortung-2\/\" class=\"more-link\"><span class=\"screen-reader-text\">\u201eVerantwortung\u201c<\/span> weiterlesen<\/a><\/p>\n","protected":false},"author":1,"featured_media":0,"parent":0,"menu_order":0,"comment_status":"closed","ping_status":"closed","template":"","meta":{"footnotes":""},"_links":{"self":[{"href":"https:\/\/elbgraphik.de\/wordpress\/wp-json\/wp\/v2\/pages\/602"}],"collection":[{"href":"https:\/\/elbgraphik.de\/wordpress\/wp-json\/wp\/v2\/pages"}],"about":[{"href":"https:\/\/elbgraphik.de\/wordpress\/wp-json\/wp\/v2\/types\/page"}],"author":[{"embeddable":true,"href":"https:\/\/elbgraphik.de\/wordpress\/wp-json\/wp\/v2\/users\/1"}],"replies":[{"embeddable":true,"href":"https:\/\/elbgraphik.de\/wordpress\/wp-json\/wp\/v2\/comments?post=602"}],"version-history":[{"count":1,"href":"https:\/\/elbgraphik.de\/wordpress\/wp-json\/wp\/v2\/pages\/602\/revisions"}],"predecessor-version":[{"id":603,"href":"https:\/\/elbgraphik.de\/wordpress\/wp-json\/wp\/v2\/pages\/602\/revisions\/603"}],"wp:attachment":[{"href":"https:\/\/elbgraphik.de\/wordpress\/wp-json\/wp\/v2\/media?parent=602"}],"curies":[{"name":"wp","href":"https:\/\/api.w.org\/{rel}","templated":true}]}}