{"id":785,"date":"2021-03-16T21:13:22","date_gmt":"2021-03-16T21:13:22","guid":{"rendered":"http:\/\/elbgraphik.de\/?page_id=785"},"modified":"2021-03-16T21:13:22","modified_gmt":"2021-03-16T21:13:22","slug":"o-p-t-i-m-i-s-t-i-n","status":"publish","type":"page","link":"https:\/\/elbgraphik.de\/wordpress\/o-p-t-i-m-i-s-t-i-n\/","title":{"rendered":"O P T I M I S T * I N"},"content":{"rendered":"\n<p class=\"has-text-color\" style=\"color:#071066\">Ich w\u00e4re gerne der Anwalt der ach so sch\u00f6nen Erde<br>gegen die Ausnutzung durch die finanzgeile Herde,<br>w\u00fcrde gerne Achtsamkeit &#8211; Fairness &#8211; Gerechtigkeit<br>machen zur Pflicht f\u00fcr ALLE in dieser Zeit,<br>dass ALLE erkennen wie wichtig ist der Planet,<br>weil ohne ihn essen &amp; leben nicht geht!<br>Deswegen sollten wir uns zu \u00e4ndern beeilen,<br>sonst k\u00f6nnen wir bald in der Finsternis verweilen!<br>Die Erde kommt ohne uns viel besser zurecht,<br>ohne uns geht es ihr dann nicht mehr schlecht!<br>Sie w\u00fcrde bl\u00fchen und spie\u00dfen und wild leben,<br>sie hat uns bisher ein sch\u00f6nes Leben gegeben,<br>das k\u00f6nnte noch ewig so herrlich weitergehen,<br>w\u00fcrden wir die Natur leben und verstehen!<\/p>\n","protected":false},"excerpt":{"rendered":"<p>Ich w\u00e4re gerne der Anwalt der ach so sch\u00f6nen Erdegegen die Ausnutzung durch die finanzgeile Herde,w\u00fcrde gerne Achtsamkeit &#8211; Fairness &#8211; Gerechtigkeitmachen zur Pflicht f\u00fcr ALLE in dieser Zeit,dass ALLE erkennen wie wichtig ist der Planet,weil ohne ihn essen &amp; leben nicht geht!Deswegen sollten wir uns zu \u00e4ndern beeilen,sonst k\u00f6nnen wir bald in der Finsternis &hellip; <\/p>\n<p class=\"link-more\"><a href=\"https:\/\/elbgraphik.de\/wordpress\/o-p-t-i-m-i-s-t-i-n\/\" class=\"more-link\"><span class=\"screen-reader-text\">\u201eO P T I M I S T * I N\u201c<\/span> weiterlesen<\/a><\/p>\n","protected":false},"author":1,"featured_media":788,"parent":0,"menu_order":0,"comment_status":"closed","ping_status":"closed","template":"","meta":{"footnotes":""},"_links":{"self":[{"href":"https:\/\/elbgraphik.de\/wordpress\/wp-json\/wp\/v2\/pages\/785"}],"collection":[{"href":"https:\/\/elbgraphik.de\/wordpress\/wp-json\/wp\/v2\/pages"}],"about":[{"href":"https:\/\/elbgraphik.de\/wordpress\/wp-json\/wp\/v2\/types\/page"}],"author":[{"embeddable":true,"href":"https:\/\/elbgraphik.de\/wordpress\/wp-json\/wp\/v2\/users\/1"}],"replies":[{"embeddable":true,"href":"https:\/\/elbgraphik.de\/wordpress\/wp-json\/wp\/v2\/comments?post=785"}],"version-history":[{"count":1,"href":"https:\/\/elbgraphik.de\/wordpress\/wp-json\/wp\/v2\/pages\/785\/revisions"}],"predecessor-version":[{"id":789,"href":"https:\/\/elbgraphik.de\/wordpress\/wp-json\/wp\/v2\/pages\/785\/revisions\/789"}],"wp:featuredmedia":[{"embeddable":true,"href":"https:\/\/elbgraphik.de\/wordpress\/wp-json\/wp\/v2\/media\/788"}],"wp:attachment":[{"href":"https:\/\/elbgraphik.de\/wordpress\/wp-json\/wp\/v2\/media?parent=785"}],"curies":[{"name":"wp","href":"https:\/\/api.w.org\/{rel}","templated":true}]}}